 h(i).
21
Suppose -z + 5*u + 41 = 3*z, -2*u - 20 = -2*z. Calculate the remainder when 216/6 + -1*3 is divided by z.
6
Let w(r) = 3*r**2 - 5*r - 5. Let h be w(7). Suppose 31 = -4*p + h. What is the remainder when p is divided by 10?
9
Suppose -2*h - 9 = -3*i + 2, -9 = -2*h - i. Suppose 2*d + 17 = -k - h*d, -3*k + 4*d + 29 = 0. What is the remainder when -3 - (-1)/(k/78) is divided by 12?
11
Let b = -3 - -3. Suppose -3*a + 2*a - 3 = b. Calculate the remainder when 35 - (-1)/a*3 is divided by 18.
16
Suppose 2*g - 3*c - 2*c - 48 = 0, 2*c + 8 = 0. Suppose 0 = -5*a - 0*a + 20, -a = t - 30. Calculate the remainder when t is divided by g.
12
Suppose b + 100 = 5*r + 15, -85 = -5*r + 5*b. Calculate the remainder when 48 is divided by r.
14
Let j = 375 + -242. Calculate the remainder when j is divided by 9.
7
Suppose 0 = 4*p + d - 16, -2*d - 23 = -5*p - 4*d. Suppose -p*v = v - 144. Suppose -v = -6*g + 2*g. What is the remainder when g is divided by 5?
4
Let c(i) = -6*i - 13. What is the remainder when c(-7) is divided by 5?
4
Let w(j) = -3*j - 12. Let f be w(-4). Suppose -7*s + 2*s + 40 = f. What is the remainder when 15 is divided by s?
7
Suppose 0*w - 24 = -2*w. Suppose -4 - 2 = 3*l - 5*s, w = 4*s. Calculate the remainder when 6 is divided by l.
0
Let q be (0/7)/(2 + -1). Suppose w + q - 155 = 0. Suppose -5*o + b + 208 = 0, -2*b - w = -5*o + 56. What is the remainder when o is divided by 14?
13
Suppose d - 32 = -5*c, -5*c - 36 = -2*d - c. What is the remainder when 130 is divided by d?
20
Suppose -2*a + 22 = -o + 5*o, 5*o - 36 = -3*a. Calculate the remainder when a is divided by 4.
1
Let i = -4 - -4. Let z be (i + -5)*6/(-10). Suppose -22 = -z*m - 7. Calculate the remainder when 13 is divided by m.
3
Let j = 6 - -1. Let z be 1*(1 - 2) + j. Let h(t) = 5*t - 6. Calculate the remainder when h(z) is divided by 13.
11
Suppose 2*n - 4*n - 40 = 0. Let h = -15 - n. Calculate the remainder when 13 is divided by h.
3
Let u be (-63)/(-4*1/(-4)). Let w = -41 - u. What is the remainder when w is divided by 12?
10
Let x(a) = -2 - 8*a**2 + 0*a**2 + 2*a + 4*a**3 + 10*a**2 - 1. Calculate the remainder when x(2) is divided by 14.
13
Let q(y) = 3*y - 4. Let k be q(3). Suppose -3*m + u + 46 = -u, -k*m + 68 = u. What is the remainder when 4/10 + 396/10 is divided by m?
12
Let h = 110 + -31. What is the remainder when h is divided by 20?
19
Let c(j) = 4*j**2 - j - 1. What is the remainder when 6/15 - (-172)/20 is divided by c(-1)?
1
Suppose -o = 5*q - 23 - 2, 0 = -2*q + 4*o - 12. Suppose -34 = -3*j - 2*u, -16 = -2*j - 2*u + q. What is the remainder when j is divided by 4?
2
What is the remainder when 91 + 4 - 3/(2 - -1) is divided by 24?
22
Let w = 215 + -142. Calculate the remainder when w is divided by 15.
13
Suppose -5*i = -4*i - 52. Suppose t - 2 = -7. What is the remainder when i is divided by ((-6)/(-4))/(t/(-60))?
16
Let d(m) = -m + 12. What is the remainder when d(-5) is divided by 10?
7
Let x be (2 - -1)*(-2)/(-3). Suppose 0 = -3*b, 4 = x*d + 2*b - 8. Calculate the remainder when 23 is divided by d.
5
Let z = -17 - -27. Suppose -z*b = -5*b - 35. Calculate the remainder when b is divided by (6/4)/((-2)/(-4)).
1
Let c be (4/6)/(4/132). Suppose -3*w - c = -5*w. What is the remainder when (30/1 + 1)*1 is divided by w?
9
Let k = -23 - -41. Suppose -q - 2*f = q - 60, 5*q - 154 = -4*f. Calculate the remainder when q is divided by k.
16
Let s be (-9)/(-9) - (1 + -205). Suppose -25 = 5*q - s. Calculate the remainder when q is divided by 19.
17
Suppose 3*j - 4 = 2*j. Suppose -j*r + 11 = -129. What is the remainder when r is divided by 12?
11
Calculate the remainder when 2/3 + 335/15 is divided by 9.
5
Suppose 5*g + 6 = 1. Let m = 14 - g. Calculate the remainder when 44 is divided by m.
14
Suppose 0 = 2*y + 8, -o + y + 61 = 2*o. Suppose 0 = -3*s - 2*s. Suppose s = 4*u - 15 - 13. Calculate the remainder when o is divided by u.
5
Let r = -4 + 6. Suppose 0 = -7*u + r*u + 80. Calculate the remainder when 45 is divided by u.
13
Let w be (-3)/4*-4 - 1. Let i(o) = 6*o**3 - 2*o**2 + 4*o - 3. Calculate the remainder when i(w) is divided by 12.
9
Let m(w) = 6*w**2 - 2*w - 4. What is the remainder when m(3) is divided by ((-10)/6)/((-2)/18)?
14
Let g(s) = -5*s - 10. What is the remainder when 77 is divided by g(-6)?
17
Let f be -11 + 0/3*1. Let o = f + 10. Calculate the remainder when 22 is divided by 0 + ((-9)/o - 1).
6
Let z = -9 + 5. Let i be z/(-18) - 755/(-45). Let s = 26 - i. Calculate the remainder when 26 is divided by s.
8
Let q be (9 - 1) + -2 + -2. Let r(c) = 5*c + 2*c**3 - 1 - 3*c**3 - 4*c**2 + 7*c**2. Calculate the remainder when r(q) is divided by 2.
1
Let u(f) = 0 - 3*f + 3*f - 5 - f. Calculate the remainder when 4 is divided by u(-8).
1
Let u(t) = -t**3 + 16*t**2 + 3*t + 15. What is the remainder when u(16) is divided by 16?
15
Suppose -2*a - a = -27. What is the remainder when 42 is divided by a?
6
Calculate the remainder when 79 is divided by (-726)/(-45) - 6/45.
15
Let y(j) = -j**2 + 7*j - 2. Let v be y(6). Suppose 0 = -v*t + t + 147. Calculate the remainder when t is divided by 17.
15
Calculate the remainder when 164 is divided by ((33/4)/3)/((-14)/(-280)).
54
Suppose -2*j - 3*m - m = -16, -3*m = 5*j - 12. Suppose -4*r - 3*l + 119 = j, -l - 143 = -4*r + 4*l. Calculate the remainder when r is divided by 11.
10
Let g = 186 + -123. What is the remainder when 314 is divided by g?
62
Let a(t) be the second derivative of t**4/12 + t**3/3 + 3*t**2 - 4*t. Calculate the remainder when a(-6) is divided by 8.
6
Suppose 163 = 4*c - 145. What is the remainder when c is divided by 13?
12
Let i be (-70)/3 + (-1)/(-3). Let r = -10 - i. What is the remainder when r is divided by 8?
5
Calculate the remainder when 23 is divided by 5 + 1 + -3 - -1.
3
Let a(p) = p**3 + 7*p**2 + 4*p + 3. Let t be (3 - -3)/(1 + -2). Suppose 5*w - 3*o = 36 + 1, -27 = -3*w - 3*o. What is the remainder when a(t) is divided by w?
7
Let q = 60 + 9. Let f = 3 - -9. Calculate the remainder when (-4)/2*q/(-6) is divided by f.
11
Let r = 4 + -2. Suppose -2*q + 4*z = -26, -r*z = -3*z - 3. Calculate the remainder when q is divided by 4.
3
Suppose -24 = 16*g - 19*g. Suppose -2*t + 4*t - 76 = 0. Calculate the remainder when t is divided by g.
6
Let u be 4/30*5*12. Let p = u + -6. What is the remainder when 4 is divided by p?
0
Suppose -k + 65 = 2*k + a, 3*a = -k + 35. Calculate the remainder when 57 is divided by k.
17
Let t be (-2)/2 + -4 + 3. Let n(s) be the first derivative of s**3 + s**2 - s - 1. What is the remainder when n(t) is divided by 4?
3
Suppose -11 + 225 = 2*f. Calculate the remainder when f is divided by 27.
26
Suppose 2*i + 0*i - 6 = 0. Suppose 0 = -3*q - i + 21. Calculate the remainder when 10 is divided by q.
4
Calculate the remainder when (-39)/(6*(-2)/8) is divided by (-3*2)/(4/(-6)).
8
Let z(l) = -l**3 - 8*l**2 + l. Let k be z(-8). Let q = k + 22. Suppose 0 = -0*d - 5*d + 130. What is the remainder when d is divided by q?
12
Let d = 4 + 2. What is the remainder when (1/2)/((-7)/(-294)) is divided by d?
3
Let f(q) = -3*q**3 - 3*q**2 + 2*q - 2. Let u(b) = b + 41. What is the remainder when f(-3) is divided by u(-17)?
22
Let r(s) = 11*s + 1. Calculate the remainder when 58 is divided by r(1).
10
Let x(g) = g**2 - 2 + 7*g + g**2 + 0. What is the remainder when x(-5) is divided by (-1)/(-1 - (-6)/7)?
6
Suppose -u + 560 = u + 5*v, -3*v + 12 = 0. Calculate the remainder when 34 is divided by (-4)/3*u/(-20).
16
Let v(m) = -m + 9. Suppose 7*g - 2*g - 5 = -5*n, -n + 21 = -3*g. Let d be n/((9/(-12))/1). What is the remainder when 49 is divided by v(d)?
15
Let y(l) = l**3 + 5*l**2 - 3*l + 4. Let f be y(-5). Suppose 3*n + 3*h + f = 115, -2*h - 106 = -3*n. What is the remainder when n is divided by 0 + (1*17 - -1)?
16
Suppose -5*w = -2*w - 33. Suppose -5*j = 4*f - 1 + w, 5 = -f. Suppose 5*p = j*g + 130, -5*p + 4*g = -3*p - 36. What is the remainder when p is divided by 15?
13
Let j = 8 - 6. Let v be (2 - 1)*(j - -1). What is the remainder when v + -2 + 0 + 1 is divided by 1?
0
Suppose -140 + 14 = -6*z. What is the remainder when 77 is divided by z?
14
Let l = 11 + -7. Calculate the remainder when (-1)/((-30)/(-33) - 1) is divided by l.
3
Suppose 2 = -4*n - 6, 2*n = -3*a + 44. Suppose 5*v = -2*w - 15, v + 2*